 -10 - 2318147?
-2318157
In base 5, what is -411032324 + 3121?
-411024203
In base 2, what is 11 + -1000100000110111111100101101?
-1000100000110111111100101010
In base 9, what is -744 + -545?
-1400
In base 10, what is 4406 + 21?
4427
In base 9, what is 123468347 + 10?
123468357
In base 5, what is 4132 + -232222?
-223040
In base 16, what is 2 + 3eca04?
3eca06
In base 12, what is -10695 - 80b?
-112a4
In base 10, what is -1 + 10249429?
10249428
In base 12, what is -470b - -1922?
-29a9
In base 3, what is -10 - -12011020011201201?
12011020011201121
In base 10, what is -9160508 - 3?
-9160511
In base 6, what is 122035 - 3130?
114505
In base 11, what is 1135834 - -3?
1135837
In base 13, what is 37a180 + 50?
37a200
In base 9, what is -20 + 3457131?
3457111
In base 2, what is 110111 - 100001101110101100?
-100001101101110101
In base 7, what is -16 - -22123155?
22123136
In base 16, what is bae8c25 + 0?
bae8c25
In base 12, what is 2736b0 - -3?
2736b3
In base 7, what is -624312 - 1306?
-625621
In base 11, what is 1975a0 - 5?
197596
In base 16, what is 2051 - 1d938?
-1b8e7
In base 12, what is bb47471 - 2?
bb4746b
In base 4, what is -1121122113 + 203?
-1121121310
In base 13, what is -2 + -339bba?
-339bbc
In base 16, what is -36 + 52a40?
52a0a
In base 8, what is 246 + -13545302?
-13545034
In base 16, what is 2d - 22013?
-21fe6
In base 3, what is -220222022021020 - -210?
-220222022020110
In base 10, what is 146 + 233737?
233883
In base 6, what is 50352020033 - 4?
50352020025
In base 12, what is -1028b1 + 9ba?
-101ab3
In base 6, what is -1 - 355452315?
-355452320
In base 8, what is 25664003 - 2?
25664001
In base 13, what is -59795 + 1b0?
-595b5
In base 3, what is 21112201222220010 + -20?
21112201222212220
In base 2, what is 110110011100110111101 - 1?
110110011100110111100
In base 5, what is 2104410310141 + -2?
2104410310134
In base 15, what is -1198d46a + 4?
-1198d466
In base 8, what is -5626 - 1540?
-7366
In base 6, what is -43541131 + -2?
-43541133
In base 12, what is 15 + 791067?
791080
In base 16, what is 5 - 2a43a9?
-2a43a4
In base 2, what is -100111011100000111 - -10111?
-100111011011110000
In base 15, what is 408a28 + -5b?
4089bc
In base 16, what is -5 + 15f42e?
15f429
In base 16, what is -b2426a + 15?
-b24255
In base 6, what is -400 - 5522341?
-5523141
In base 5, what is -1043033202 + -3?
-1043033210
In base 11, what is 19a9 + -39a?
160a
In base 3, what is -2100212102 + -102102110?
-2210021212
In base 2, what is 0 - -100001111000011101000?
100001111000011101000
In base 8, what is -165 - -507535?
507350
In base 8, what is -1506041654 + 0?
-1506041654
In base 2, what is 1 + -11000101101111001000110?
-11000101101111001000101
In base 12, what is 322 - 1306?
-ba4
In base 12, what is -19a1b9 + 14?
-19a1a5
In base 12, what is 2 - 3459114?
-3459112
In base 15, what is 5792 + 137?
58c9
In base 10, what is -3 + -53851?
-53854
In base 14, what is 8c - -c37319?
c373a7
In base 13, what is -1732766 + -35?
-173279b
In base 4, what is 22010 - -223121302?
223203312
In base 8, what is 4573142 - -2?
4573144
In base 11, what is 5272a34 + -21?
5272a13
In base 2, what is 100111000011111 + 1011001011?
101000011101010
In base 6, what is 350 - 42315545?
-42315155
In base 8, what is -332 - -751326?
750774
In base 7, what is 626 + 1155005?
1155634
In base 14, what is -4 + 12910102?
129100dc
In base 12, what is a229 - -1a74?
100a1
In base 14, what is 9856bc + 0?
9856bc
In base 13, what is 28b - bc26?
-b968
In base 15, what is -1638b4d - 1?
-1638b4e
In base 15, what is -c + -1ee78d2?
-1ee78de
In base 13, what is -860c - -904?
-7a08
In base 9, what is -28705061 - -23?
-28705037
In base 8, what is 11 + 43363210?
43363221
In base 5, what is -2302220432 + -20?
-2302221002
In base 8, what is 1 - -3345777?
3346000
In base 12, what is -1a0a104 + -4b?
-1a0a153
In base 7, what is 12322004 - 16?
12321655
In base 5, what is 4 - 313041040?
-313041031
In base 9, what is -1038 + -2145336?
-2146375
In base 8, what is 7632305 + -5?
7632300
In base 4, what is -101133 - 2110113?
-2211312
In base 2, what is 110110111010101 + 101110011?
110111101001000
In base 8, what is 167145 - -17?
167164
In base 11, what is 967a88 + -2a?
967a59
In base 16, what is -95f + -3874?
-41d3
In base 15, what is -1 + a4a52c2?
a4a52c1
In base 13, what is 13820 + 2453?
15c73
In base 4, what is -103110 + -31322331?
-32032101
In base 4, what is 21312202032 + -11?
21312202021
In base 5, what is -1000023444 + 2024?
-1000021420
In base 16, what is -10d0ec + 5?
-10d0e7
In base 15, what is -2 - 45192cd?
-45192d0
In base 8, what is -3 + -1463572260?
-1463572263
In base 14, what is -7ac0b - -5a?
-7ab91
In base 11, what is 15396456 - -3?
15396459
In base 2, what is -11111011000000000011 - 100001100?
-11111011000100001111
In base 14, what is 86a43d - 7d?
86a3a0
In base 3, what is -12 + 2010111211011?
2010111210222
In base 12, what is 8917a3 + 2?
8917a5
In base 7, what is 1212554 - 441?
1212113
In base 4, what is 1103022103000021 - 0?
1103022103000021
In base 10, what is 6933241 - 4?
6933237
In base 9, what is -585757 - 214?
-586072
In base 15, what is d59 + 49a6?
5810
In base 9, what is 3 - 832043?
-832040
In base 13, what is 4a3b601 - -5?
4a3b606
In base 10, what is 0 + -179011616?
-179011616
In base 3, what is -2120212011 - 111?
-2120212122
In base 13, what is 28 + 3420a5?
342100
In base 15, what is -4 - 43da7?
-43dab
In base 6, what is 25303 + -552453?
-523150
In base 2, what is -100111001110111100 - 110101001?
-100111010101100101
In base 8, what is 6060217 - -5?
6060224
In base 12, what is b + 190464b5?
19046504
In base 16, what is -50 - 24c3?
-2513
In base 10, what is 7765796 + -18?
7765778
In base 5, what is -314 - 10021223?
-10022042
In base 9, what is 7062 - -231183?
238255
In base 12, what is 5732 - -322?
5a54
In base 7, what is 54 + 5404551?
5404635
In base 14, what is -1cd2557 - -5?
-1cd2552
In base 6, what is 220323154 + 2?
220323200
In base 13, what is -984b0 + 186?
-98327
In base 14, what is -147c2255 - 1?
-147c2256
In base 2, what is 10 + 1100000101100001111100000110?
1100000101100001111100001000
In base 2, what is -11011001111111 + 1001100010010?
-10001101101101
In base 8, what is -145506 - -13?
-145473
In base 15, what is 37c4 - 437e?
-aaa
In base 3, what is -20 + 20201010121212121?
20201010121212101
In base 9, what is 5330210 + 21?
5330231
In base 15, what is b56316b + 4?
b563170
In base 16, what is -6561c9 - -f?
-6561ba
In base 13, what is cc8050 + 17?
cc8067
In base 3, what is -10 + 10222011111202?
10222011111122
In base 9, what is -556 - 210386?
-211053
In base 7, what is 53115 - -20125?
103243
In base 5, what is 3 - -1013030302?
1013030310
In base 12, what is -76b + 7948?
7199
In base 11, what is 16664 - 57?
16608
In base 14, what is -2 + 167cd15?
167cd13
In base 14, what is 1b4280 - c5?
1b4199
In base 10, what is 117 - -2107272?
2107389
In base 3, what is -10202011 + 10101121?
-100120
In base 2, what is -1011110000010011101 + 1010101?
-1011110000001001000
In base 3, what is 1121201101111010 + -10?
1121201101111000
In base 3, what is -101001201 + 120012?
-100111112
In base 15, what is bb + -152a2?
-151d6
In base 4, what is -112133 - -100131201?
100013002
In base 12, what is -5 + b63858?
b63853
In base 2, what is 111011 + -10100001101101000011?
-10100001101100001000
In base 9, what is 4087365 + 528?
4088004
In base 7, what is 132040 + -125?
131612
In base 12, what is 55 + -3a558?
-3a503
In base 4, what is 13303 - 10100322?
-10021013
In base 2, what is 10111000101101100110100 + 111011?
10111000101101101101111
In base 11, what is -219a5a1 + -1?
-219a5a2
In base 3, what is 1200220111221 - -10?
1200220112001
In base 7, what is 6421 - -31021?
40442
In base 2, what is 111101001000111000100 + 0?
111101001000111000100
In base 6, what is 1521432215 - -15?
1521432234
In base 11, what is 3696800 + 21?
3696821
In base 2, what is -100011011 - -111000100001001001?
111000011100101110
In base 13, what is 1785cb + -88?
178543
In base 7, what is 433 + -1231065?
-1230332
In base 8, what is 4016 + 57124?
63142
In base 5, what is 4 - -110430?
110434
In base 6, what is 3 - 1523311124?
-1523311121
In base 3, what is -21 + 20022120?
20022022
In base 11, what is -32594046 + 28?
-32594019
In base 3, what is -101000001210211 + -22?
-10100